{"id":229,"date":"2015-10-16T14:32:40","date_gmt":"2015-10-16T13:32:40","guid":{"rendered":"http:\/\/bar.maisb.fr\/?page_id=229"},"modified":"2020-01-13T14:01:30","modified_gmt":"2020-01-13T13:01:30","slug":"dancefloor","status":"publish","type":"page","link":"http:\/\/maisb.fr\/bar\/dancefloor\/","title":{"rendered":"Dancefloor"},"content":{"rendered":"<p>[et_pb_section fb_built=\u00a0\u00bb1&Prime; admin_label=\u00a0\u00bbsection\u00a0\u00bb _builder_version=\u00a0\u00bb3.22&Prime;][et_pb_row padding_mobile=\u00a0\u00bboff\u00a0\u00bb column_padding_mobile=\u00a0\u00bbon\u00a0\u00bb admin_label=\u00a0\u00bbrow\u00a0\u00bb module_class=\u00a0\u00bb et_pb_row_fullwidth\u00a0\u00bb _builder_version=\u00a0\u00bb3.25&Prime; background_color=\u00a0\u00bb#ffc700&Prime; background_size=\u00a0\u00bbinitial\u00a0\u00bb background_position=\u00a0\u00bbtop_left\u00a0\u00bb background_repeat=\u00a0\u00bbrepeat\u00a0\u00bb width=\u00a0\u00bb89%\u00a0\u00bb width_tablet=\u00a0\u00bb80%\u00a0\u00bb width_last_edited=\u00a0\u00bbon|desktop\u00a0\u00bb max_width=\u00a0\u00bb89%\u00a0\u00bb max_width_tablet=\u00a0\u00bb80%\u00a0\u00bb max_width_last_edited=\u00a0\u00bbon|desktop\u00a0\u00bb make_fullwidth=\u00a0\u00bbon\u00a0\u00bb use_custom_width=\u00a0\u00bboff\u00a0\u00bb width_unit=\u00a0\u00bbon\u00a0\u00bb][et_pb_column type=\u00a0\u00bb4_4&Prime; _builder_version=\u00a0\u00bb3.25&Prime; custom_padding=\u00a0\u00bb|||\u00a0\u00bb custom_padding__hover=\u00a0\u00bb|||\u00a0\u00bb][et_pb_text admin_label=\u00a0\u00bbTexte\u00a0\u00bb _builder_version=\u00a0\u00bb3.27.4&Prime; background_size=\u00a0\u00bbinitial\u00a0\u00bb background_position=\u00a0\u00bbtop_left\u00a0\u00bb background_repeat=\u00a0\u00bbrepeat\u00a0\u00bb use_border_color=\u00a0\u00bboff\u00a0\u00bb border_color=\u00a0\u00bb#ffffff\u00a0\u00bb border_style=\u00a0\u00bbsolid\u00a0\u00bb]\r\n\t\t\t\t\t\n\r\n\t\t\t\t\t<!-- START UNITE GALLERY 1.7.62 -->\r\n\t\t\t\t\t\r\n\t\t\t\t\n\t\t\t<div id='unitegallery_18_1' class='unite-gallery' style='margin:0px auto;'>\n\t\t\t\t\n\n\t\t\t\t\t\t<a href=\"http:\/\/maisb.fr\/bar\/?page_id=1065\">\n\t\t\t\t\t\t<img decoding=\"async\" alt=\"MINOU\"\n\t\t\t\t\t\t     src=\"\" data-image=\"http:\/\/maisb.fr\/bar\/wp-content\/uploads\/sites\/2\/2016\/02\/minou.png\"\n\t\t\t\t\t\t     data-thumb=\"http:\/\/maisb.fr\/bar\/wp-content\/uploads\/sites\/2\/2016\/02\/minou-300x134.png\"\n\t\t\t\t\t\t     title=\"&quot;DJ NOUMIX&quot;\"\n\t\t\t\t\t\t     style=\"display:none\">\n\t\t\t\t\t\t<\/a>\n\n\t\t\t\t\t\t<a href=\"http:\/\/maisb.fr\/bar\/?page_id=1352\">\n\t\t\t\t\t\t<img decoding=\"async\" alt=\"SLS\"\n\t\t\t\t\t\t     src=\"\" data-image=\"http:\/\/maisb.fr\/bar\/wp-content\/uploads\/sites\/2\/2016\/02\/sls-slider-2.jpg\"\n\t\t\t\t\t\t     data-thumb=\"http:\/\/maisb.fr\/bar\/wp-content\/uploads\/sites\/2\/2016\/02\/sls-slider-2-300x134.jpg\"\n\t\t\t\t\t\t     title=\"&quot;PERCU EN FOLIE&quot;\"\n\t\t\t\t\t\t     style=\"display:none\">\n\t\t\t\t\t\t<\/a>\n\n\t\t\t\t\t\t<a href=\"http:\/\/maisb.fr\/bar\/?page_id=1385\">\n\t\t\t\t\t\t<img decoding=\"async\" alt=\"PAPATE\"\n\t\t\t\t\t\t     src=\"\" data-image=\"http:\/\/maisb.fr\/bar\/wp-content\/uploads\/sites\/2\/2016\/02\/papate-slider.jpg\"\n\t\t\t\t\t\t     data-thumb=\"http:\/\/maisb.fr\/bar\/wp-content\/uploads\/sites\/2\/2016\/02\/papate-slider-300x134.jpg\"\n\t\t\t\t\t\t     title=\"&quot;LE PIRATE&quot;\"\n\t\t\t\t\t\t     style=\"display:none\">\n\t\t\t\t\t\t<\/a>\n\n\t\t\t\t\t\t<a href=\"http:\/\/maisb.fr\/bar\/?page_id=1889\">\n\t\t\t\t\t\t<img decoding=\"async\" alt=\"TONY MERGUEZ\"\n\t\t\t\t\t\t     src=\"\" data-image=\"http:\/\/maisb.fr\/bar\/wp-content\/uploads\/sites\/2\/2016\/02\/tony-slider.jpg\"\n\t\t\t\t\t\t     data-thumb=\"http:\/\/maisb.fr\/bar\/wp-content\/uploads\/sites\/2\/2016\/02\/tony-slider-300x134.jpg\"\n\t\t\t\t\t\t     title=\"\"\n\t\t\t\t\t\t     style=\"display:none\">\n\t\t\t\t\t\t<\/a>\n\n\t\t\t\t\t\t<a href=\"http:\/\/maisb.fr\/bar\/?page_id=1416\">\n\t\t\t\t\t\t<img decoding=\"async\" alt=\"DJ FX\"\n\t\t\t\t\t\t     src=\"\" data-image=\"http:\/\/maisb.fr\/bar\/wp-content\/uploads\/sites\/2\/2016\/02\/fx.jpg\"\n\t\t\t\t\t\t     data-thumb=\"http:\/\/maisb.fr\/bar\/wp-content\/uploads\/sites\/2\/2016\/02\/fx-300x134.jpg\"\n\t\t\t\t\t\t     title=\"&quot;LE BOBO RASTA&quot;\"\n\t\t\t\t\t\t     style=\"display:none\">\n\t\t\t\t\t\t<\/a>\n\n\t\t\t\t\t\t<a href=\"http:\/\/maisb.fr\/bar\/?page_id=1861\">\n\t\t\t\t\t\t<img decoding=\"async\" alt=\"SPECTACLE\"\n\t\t\t\t\t\t     src=\"\" data-image=\"http:\/\/maisb.fr\/bar\/wp-content\/uploads\/sites\/2\/2016\/02\/spectacle.jpg\"\n\t\t\t\t\t\t     data-thumb=\"http:\/\/maisb.fr\/bar\/wp-content\/uploads\/sites\/2\/2016\/02\/spectacle-300x134.jpg\"\n\t\t\t\t\t\t     title=\"\"\n\t\t\t\t\t\t     style=\"display:none\">\n\t\t\t\t\t\t<\/a>\n\t\t\t<\/div>\n\n\t\t\t<script type='text\/javascript'>\n\t\t\t\twindow.onload = function(e) {\n\t\t\t\t\tif(typeof ugCheckForErrors == \"undefined\"){\n\t\t\t\t\t\tdocument.getElementById(\"unitegallery_18_1\").innerHTML = \"<span style='color:red'>Unite Gallery Error - gallery js and css files not included in the footer. Please make sure that wp_footer() function is added to your theme.<\/span>\";}\n\t\t\t\t\telse{ ugCheckForErrors(\"unitegallery_18_1\", \"jquery\");}\n\t\t\t\t};\n\t\t\t<\/script>\n\n\t\t\t<!-- END UNITEGALLERY --><br \/>\n[\/et_pb_text][\/et_pb_column][\/et_pb_row][et_pb_row admin_label=\u00a0\u00bbrow\u00a0\u00bb _builder_version=\u00a0\u00bb3.25&Prime; background_size=\u00a0\u00bbinitial\u00a0\u00bb background_position=\u00a0\u00bbtop_left\u00a0\u00bb background_repeat=\u00a0\u00bbrepeat\u00a0\u00bb column_structure=\u00a0\u00bb1_2,1_2&Prime;][et_pb_column type=\u00a0\u00bb1_2&Prime; _builder_version=\u00a0\u00bb3.25&Prime; custom_padding=\u00a0\u00bb|||\u00a0\u00bb custom_padding__hover=\u00a0\u00bb|||\u00a0\u00bb][et_pb_text admin_label=\u00a0\u00bbTexte\u00a0\u00bb _builder_version=\u00a0\u00bb3.27.4&Prime; background_color=\u00a0\u00bb#cccccc\u00a0\u00bb background_size=\u00a0\u00bbinitial\u00a0\u00bb background_position=\u00a0\u00bbtop_left\u00a0\u00bb background_repeat=\u00a0\u00bbrepeat\u00a0\u00bb custom_margin=\u00a0\u00bb50px||10px|\u00a0\u00bb custom_padding=\u00a0\u00bb10px|10px|10px|10px\u00a0\u00bb custom_css_main_element=\u00a0\u00bb -moz-box-shadow: 5px 5px 5px 0px #dad7d7;||-webkit-box-shadow: 5px 5px 5px 0px #dad7d7;|| -o-box-shadow: 5px 5px 5px 0px #dad7d7;||box-shadow: 5px 5px 5px 0px #dad7d7;|| \/* filter: progid:DXImageTransform.Microsoft.Shadow(color=#dad7d7,Direction=134,Strength=5); *\/|| -moz-border-radius: 7px;||-webkit-border-radius: 7px;||border-radius: 7px;\u00a0\u00bb use_border_color=\u00a0\u00bboff\u00a0\u00bb border_color=\u00a0\u00bb#ffffff\u00a0\u00bb border_style=\u00a0\u00bbsolid\u00a0\u00bb]<\/p>\n<h2 style=\"text-align: left;\"><span style=\"color: #ff0000;\"><a href=\"http:\/\/maisb.fr\/bar\/?page_id=1065\">MINOU \u00ab\u00a0DJ Noumix\u00a0\u00bb<\/a><\/span><\/h2>\n<p><strong>Minou<\/strong>\u00a0\/ Platines 2012<\/p>\n<p><a href=\"http:\/\/maisb.fr\/bar\/?page_id=1065\"><img loading=\"lazy\" decoding=\"async\" class=\"alignnone size-full wp-image-1052\" src=\"http:\/\/maisb.fr\/wp-content\/uploads\/sites\/2\/2015\/10\/minou1.png\" alt=\"minou\" width=\"701\" height=\"312\" srcset=\"http:\/\/maisb.fr\/bar\/wp-content\/uploads\/sites\/2\/2015\/10\/minou1.png 701w, http:\/\/maisb.fr\/bar\/wp-content\/uploads\/sites\/2\/2015\/10\/minou1-300x134.png 300w\" sizes=\"(max-width: 701px) 100vw, 701px\" \/><\/a><\/p>\n<p style=\"text-align: left;\"><span style=\"font-size: x-large;\">Dix ans aux platines de la Mais&rsquo;B, il est en place le gars\u00a0!\u00a0Le surfeur beau gosse de l&rsquo;Ile d&rsquo;Ol\u00e9ron est arriv\u00e9 pile-poil &#8230;<\/span><\/p>\n<h2 style=\"float: right;\"><a href='\/bar\/?page_id=1065' class='small-button smallred'>VOIR LA SUITE<\/a><\/h2>\n<p><span style=\"font-size: normal;\">4\u00a0798 Vues<\/span><\/p>\n<p>[\/et_pb_text][et_pb_text admin_label=\u00a0\u00bbTexte\u00a0\u00bb _builder_version=\u00a0\u00bb3.27.4&Prime; background_color=\u00a0\u00bb#cccccc\u00a0\u00bb background_size=\u00a0\u00bbinitial\u00a0\u00bb background_position=\u00a0\u00bbtop_left\u00a0\u00bb background_repeat=\u00a0\u00bbrepeat\u00a0\u00bb custom_margin=\u00a0\u00bb50px||10px|\u00a0\u00bb custom_padding=\u00a0\u00bb10px|10px|10px|10px\u00a0\u00bb custom_css_main_element=\u00a0\u00bb -moz-box-shadow: 5px 5px 5px 0px #dad7d7;||-webkit-box-shadow: 5px 5px 5px 0px #dad7d7;|| -o-box-shadow: 5px 5px 5px 0px #dad7d7;||box-shadow: 5px 5px 5px 0px #dad7d7;|| \/* filter: progid:DXImageTransform.Microsoft.Shadow(color=#dad7d7,Direction=134,Strength=5); *\/|| -moz-border-radius: 7px;||-webkit-border-radius: 7px;||border-radius: 7px;\u00a0\u00bb use_border_color=\u00a0\u00bboff\u00a0\u00bb border_color=\u00a0\u00bb#ffffff\u00a0\u00bb border_style=\u00a0\u00bbsolid\u00a0\u00bb]<\/p>\n<h2 style=\"text-align: left;\"><a href=\"http:\/\/maisb.fr\/bar\/?page_id=1385\"><span style=\"color: #ff0000;\">PAPATE\u00a0\u00ab\u00a0Le pirate\u00a0\u00bb<\/span><\/a><\/h2>\n<p><strong>Papate<\/strong>\u00a0\/ Platines 2000<\/p>\n<p><a href=\"http:\/\/maisb.fr\/bar\/?page_id=1385\"><img loading=\"lazy\" decoding=\"async\" class=\"alignnone size-full wp-image-1378\" src=\"http:\/\/maisb.fr\/wp-content\/uploads\/sites\/2\/2015\/10\/papate-slider1.jpg\" alt=\"papate-slider\" width=\"701\" height=\"312\" \/><\/a><\/p>\n<p style=\"text-align: left;\"><span style=\"font-size: x-large;\">\u00ab\u00a0Je vais, d\u00e8s cette premi\u00e8re ann\u00e9e, commencer \u00ab la Play-list\u00a0\u00bb de la Maison Blanche qui une fois le succ\u00e8s atteint, va d\u00e9ferler partout&#8230;\u00a0\u00bb<br \/> <\/span><\/p>\n<h2 style=\"float: right;\"><a href='\/bar\/?page_id=1385' class='small-button smallred'>VOIR LA SUITE<\/a><\/h2>\n<p><span style=\"font-size: normal;\">2\u00a0974 Vues<\/span><\/p>\n<p>[\/et_pb_text][et_pb_text admin_label=\u00a0\u00bbTexte\u00a0\u00bb _builder_version=\u00a0\u00bb3.27.4&Prime; background_color=\u00a0\u00bb#cccccc\u00a0\u00bb background_size=\u00a0\u00bbinitial\u00a0\u00bb background_position=\u00a0\u00bbtop_left\u00a0\u00bb background_repeat=\u00a0\u00bbrepeat\u00a0\u00bb custom_margin=\u00a0\u00bb50px||10px|\u00a0\u00bb custom_padding=\u00a0\u00bb10px|10px|10px|10px\u00a0\u00bb custom_css_main_element=\u00a0\u00bb -moz-box-shadow: 5px 5px 5px 0px #dad7d7;||-webkit-box-shadow: 5px 5px 5px 0px #dad7d7;|| -o-box-shadow: 5px 5px 5px 0px #dad7d7;||box-shadow: 5px 5px 5px 0px #dad7d7;|| \/* filter: progid:DXImageTransform.Microsoft.Shadow(color=#dad7d7,Direction=134,Strength=5); *\/|| -moz-border-radius: 7px;||-webkit-border-radius: 7px;||border-radius: 7px;\u00a0\u00bb use_border_color=\u00a0\u00bboff\u00a0\u00bb border_color=\u00a0\u00bb#ffffff\u00a0\u00bb border_style=\u00a0\u00bbsolid\u00a0\u00bb]<\/p>\n<h2 style=\"text-align: left;\"><span style=\"color: #ff0000;\"><a href=\"http:\/\/maisb.fr\/bar\/?page_id=1416\">DJ FX \u00ab\u00a0le bobo rasta\u00a0\u00bb<\/a><\/span><\/h2>\n<p><strong>FX<\/strong>\u00a0\/ Platines 2003<\/p>\n<p><a href=\"http:\/\/maisb.fr\/bar\/?page_id=1416\"><img loading=\"lazy\" decoding=\"async\" class=\"alignnone size-full wp-image-1056\" src=\"http:\/\/maisb.fr\/wp-content\/uploads\/sites\/2\/2015\/10\/fx.jpg\" alt=\"fx\" width=\"701\" height=\"312\" srcset=\"http:\/\/maisb.fr\/bar\/wp-content\/uploads\/sites\/2\/2015\/10\/fx.jpg 701w, http:\/\/maisb.fr\/bar\/wp-content\/uploads\/sites\/2\/2015\/10\/fx-300x134.jpg 300w\" sizes=\"(max-width: 701px) 100vw, 701px\" \/><\/a><\/p>\n<p align=\"LEFT\"><span style=\"font-size: x-large;\">D\u00e8s le d\u00e9but, je pense \u00e0 lui pour me succ\u00e9der derri\u00e8re les platines, notre compl\u00e9mentarit\u00e9 fonctionne \u00e0 merveille&#8230;<\/span><\/p>\n<h2 style=\"float: right;\"><a href='\/bar\/?page_id=1416' class='small-button smallred'>VOIR LA SUITE<\/a><\/h2>\n<p><span style=\"font-size: normal;\">37\u00a0192 Vues<\/span><\/p>\n<p>[\/et_pb_text][\/et_pb_column][et_pb_column type=\u00a0\u00bb1_2&Prime; _builder_version=\u00a0\u00bb3.25&Prime; custom_padding=\u00a0\u00bb|||\u00a0\u00bb custom_padding__hover=\u00a0\u00bb|||\u00a0\u00bb][et_pb_text admin_label=\u00a0\u00bbTexte\u00a0\u00bb _builder_version=\u00a0\u00bb3.27.4&Prime; background_color=\u00a0\u00bb#cccccc\u00a0\u00bb background_size=\u00a0\u00bbinitial\u00a0\u00bb background_position=\u00a0\u00bbtop_left\u00a0\u00bb background_repeat=\u00a0\u00bbrepeat\u00a0\u00bb custom_margin=\u00a0\u00bb50px||10px|\u00a0\u00bb custom_padding=\u00a0\u00bb10px|10px|10px|10px\u00a0\u00bb custom_css_main_element=\u00a0\u00bb -moz-box-shadow: 5px 5px 5px 0px #dad7d7;||-webkit-box-shadow: 5px 5px 5px 0px #dad7d7;|| -o-box-shadow: 5px 5px 5px 0px #dad7d7;||box-shadow: 5px 5px 5px 0px #dad7d7;|| \/* filter: progid:DXImageTransform.Microsoft.Shadow(color=#dad7d7,Direction=134,Strength=5); *\/|| -moz-border-radius: 7px;||-webkit-border-radius: 7px;||border-radius: 7px;\u00a0\u00bb use_border_color=\u00a0\u00bboff\u00a0\u00bb border_color=\u00a0\u00bb#ffffff\u00a0\u00bb border_style=\u00a0\u00bbsolid\u00a0\u00bb]<\/p>\n<h2 style=\"text-align: left;\"><a href=\"http:\/\/maisb.fr\/bar\/?page_id=1352\"><span style=\"color: #ff0000;\">SLS\u00a0\u00ab\u00a0Percu en folie\u00a0\u00bb<\/span><\/a><\/h2>\n<p><strong>SLS<\/strong> \/\u00a0F\u00eate de la musique 2015<\/p>\n<p><a href=\"http:\/\/maisb.fr\/bar\/?page_id=1352\"><img loading=\"lazy\" decoding=\"async\" class=\"alignnone size-full wp-image-1360\" src=\"http:\/\/maisb.fr\/wp-content\/uploads\/sites\/2\/2015\/12\/sls-slider-2.jpg\" alt=\"sls-slider-2\" width=\"701\" height=\"312\" \/><\/a><\/p>\n<p style=\"text-align: left;\"><span style=\"font-size: x-large;\">Notre insolente r\u00e9ussite nous donne une libert\u00e9 exceptionnelle pour r\u00e9aliser tous les projets qui nous passent par la t\u00eate&#8230;<\/span><\/p>\n<h2 style=\"float: right;\"><a href='\/bar\/?page_id=1352' class='small-button smallred'>VOIR LA SUITE<\/a><\/h2>\n<p><span style=\"font-size: normal;\">3\u00a0231 Vues<\/span><\/p>\n<p>[\/et_pb_text][et_pb_text admin_label=\u00a0\u00bbTexte\u00a0\u00bb _builder_version=\u00a0\u00bb3.27.4&Prime; background_color=\u00a0\u00bb#cccccc\u00a0\u00bb background_size=\u00a0\u00bbinitial\u00a0\u00bb background_position=\u00a0\u00bbtop_left\u00a0\u00bb background_repeat=\u00a0\u00bbrepeat\u00a0\u00bb custom_margin=\u00a0\u00bb50px||10px|\u00a0\u00bb custom_padding=\u00a0\u00bb10px|10px|10px|10px\u00a0\u00bb custom_css_main_element=\u00a0\u00bb -moz-box-shadow: 5px 5px 5px 0px #dad7d7;||-webkit-box-shadow: 5px 5px 5px 0px #dad7d7;|| -o-box-shadow: 5px 5px 5px 0px #dad7d7;||box-shadow: 5px 5px 5px 0px #dad7d7;|| \/* filter: progid:DXImageTransform.Microsoft.Shadow(color=#dad7d7,Direction=134,Strength=5); *\/|| -moz-border-radius: 7px;||-webkit-border-radius: 7px;||border-radius: 7px;\u00a0\u00bb use_border_color=\u00a0\u00bboff\u00a0\u00bb border_color=\u00a0\u00bb#ffffff\u00a0\u00bb border_style=\u00a0\u00bbsolid\u00a0\u00bb]<\/p>\n<h2 style=\"text-align: left;\"><a href=\"http:\/\/maisb.fr\/bar\/?page_id=1889\"><span style=\"color: #ff0000;\">TONY MERGUEZ\u00a0\u00ab\u00a0\u00c9boueur social\u00a0\u00bb<\/span><\/a><\/h2>\n<p><strong>TONY<\/strong>\u00a0\/\u00a0F\u00eate de la musique 2015<\/p>\n<p><a href=\"http:\/\/maisb.fr\/bar\/?page_id=1889\"><img loading=\"lazy\" decoding=\"async\" class=\"alignnone size-full wp-image-1382\" src=\"http:\/\/maisb.fr\/wp-content\/uploads\/sites\/2\/2015\/10\/tony-slider.jpg\" alt=\"tony-slider\" width=\"701\" height=\"312\" \/><\/a><\/p>\n<p style=\"text-align: left;\"><span style=\"font-size: x-large;\">Appartement, Gova, Taf, frigot, Canap\u00e9, Poissons Rouges&#8230;<br \/> Franchement il a tout pour \u00eatre Heureux !<\/span><\/p>\n<h2 style=\"float: right;\"><a href='\/bar\/?page_id=1889' class='small-button smallred'>VOIR LA SUITE<\/a><\/h2>\n<p><span style=\"font-size: normal;\">3\u00a0274 Vues<\/span><\/p>\n<p>[\/et_pb_text][et_pb_text admin_label=\u00a0\u00bbTexte\u00a0\u00bb _builder_version=\u00a0\u00bb3.27.4&Prime; background_color=\u00a0\u00bb#cccccc\u00a0\u00bb background_size=\u00a0\u00bbinitial\u00a0\u00bb background_position=\u00a0\u00bbtop_left\u00a0\u00bb background_repeat=\u00a0\u00bbrepeat\u00a0\u00bb custom_margin=\u00a0\u00bb50px||10px|\u00a0\u00bb custom_padding=\u00a0\u00bb10px|10px|10px|10px\u00a0\u00bb custom_css_main_element=\u00a0\u00bb -moz-box-shadow: 5px 5px 5px 0px #dad7d7;||-webkit-box-shadow: 5px 5px 5px 0px #dad7d7;|| -o-box-shadow: 5px 5px 5px 0px #dad7d7;||box-shadow: 5px 5px 5px 0px #dad7d7;|| \/* filter: progid:DXImageTransform.Microsoft.Shadow(color=#dad7d7,Direction=134,Strength=5); *\/|| -moz-border-radius: 7px;||-webkit-border-radius: 7px;||border-radius: 7px;\u00a0\u00bb use_border_color=\u00a0\u00bboff\u00a0\u00bb border_color=\u00a0\u00bb#ffffff\u00a0\u00bb border_style=\u00a0\u00bbsolid\u00a0\u00bb]<\/p>\n<h2 style=\"text-align: left;\"><span style=\"color: #ff0000;\"><a href=\"http:\/\/maisb.fr\/bar\/?page_id=1861\">SPECTACLE<\/a><\/span><\/h2>\n<p><b>KENDI<\/b> \/Clip 2011<\/p>\n<p><a href=\"http:\/\/maisb.fr\/bar\/?page_id=1861\"><img loading=\"lazy\" decoding=\"async\" class=\"alignnone size-full wp-image-1381\" src=\"http:\/\/maisb.fr\/wp-content\/uploads\/sites\/2\/2015\/10\/spectacle.jpg\" alt=\"spectacle\" width=\"701\" height=\"312\" \/><\/a><\/p>\n<p style=\"text-align: left;\"><span style=\"font-size: x-large;\">Notre insolente r\u00e9ussite nous donne une libert\u00e9 exceptionnelle pour r\u00e9aliser tous les projets qui nous passent par la t\u00eate&#8230;<\/span><\/p>\n<h2 style=\"float: right;\"><a href='\/bar\/?page_id=1861' class='small-button smallred'>VOIR LA SUITE<\/a><\/h2>\n<p><span style=\"font-size: normal;\">2\u00a0757 Vues<\/span><\/p>\n<p>[\/et_pb_text][\/et_pb_column][\/et_pb_row][\/et_pb_section]<\/p>\n","protected":false},"excerpt":{"rendered":"<p>\r\n\t\t\t\t\t\n\r\n\t\t\t\t\t<!-- START UNITE GALLERY 1.7.62 -->\r\n\t\t\t\t\t\r\n\t\t\t\t\n\t\t\t<div id='unitegallery_18_2' class='unite-gallery' style='margin:0px auto;'>\n\t\t\t\t\n\n\t\t\t\t\t\t<a href=\"http:\/\/maisb.fr\/bar\/?page_id=1065\">\n\t\t\t\t\t\t<img decoding=\"async\" alt=\"MINOU\"\n\t\t\t\t\t\t     src=\"\" data-image=\"http:\/\/maisb.fr\/bar\/wp-content\/uploads\/sites\/2\/2016\/02\/minou.png\"\n\t\t\t\t\t\t     data-thumb=\"http:\/\/maisb.fr\/bar\/wp-content\/uploads\/sites\/2\/2016\/02\/minou-300x134.png\"\n\t\t\t\t\t\t     title=\"&quot;DJ NOUMIX&quot;\"\n\t\t\t\t\t\t     style=\"display:none\">\n\t\t\t\t\t\t<\/a>\n\n\t\t\t\t\t\t<a href=\"http:\/\/maisb.fr\/bar\/?page_id=1352\">\n\t\t\t\t\t\t<img decoding=\"async\" alt=\"SLS\"\n\t\t\t\t\t\t     src=\"\" data-image=\"http:\/\/maisb.fr\/bar\/wp-content\/uploads\/sites\/2\/2016\/02\/sls-slider-2.jpg\"\n\t\t\t\t\t\t     data-thumb=\"http:\/\/maisb.fr\/bar\/wp-content\/uploads\/sites\/2\/2016\/02\/sls-slider-2-300x134.jpg\"\n\t\t\t\t\t\t     title=\"&quot;PERCU EN FOLIE&quot;\"\n\t\t\t\t\t\t     style=\"display:none\">\n\t\t\t\t\t\t<\/a>\n\n\t\t\t\t\t\t<a href=\"http:\/\/maisb.fr\/bar\/?page_id=1385\">\n\t\t\t\t\t\t<img decoding=\"async\" alt=\"PAPATE\"\n\t\t\t\t\t\t     src=\"\" data-image=\"http:\/\/maisb.fr\/bar\/wp-content\/uploads\/sites\/2\/2016\/02\/papate-slider.jpg\"\n\t\t\t\t\t\t     data-thumb=\"http:\/\/maisb.fr\/bar\/wp-content\/uploads\/sites\/2\/2016\/02\/papate-slider-300x134.jpg\"\n\t\t\t\t\t\t     title=\"&quot;LE PIRATE&quot;\"\n\t\t\t\t\t\t     style=\"display:none\">\n\t\t\t\t\t\t<\/a>\n\n\t\t\t\t\t\t<a href=\"http:\/\/maisb.fr\/bar\/?page_id=1889\">\n\t\t\t\t\t\t<img decoding=\"async\" alt=\"TONY MERGUEZ\"\n\t\t\t\t\t\t     src=\"\" data-image=\"http:\/\/maisb.fr\/bar\/wp-content\/uploads\/sites\/2\/2016\/02\/tony-slider.jpg\"\n\t\t\t\t\t\t     data-thumb=\"http:\/\/maisb.fr\/bar\/wp-content\/uploads\/sites\/2\/2016\/02\/tony-slider-300x134.jpg\"\n\t\t\t\t\t\t     title=\"\"\n\t\t\t\t\t\t     style=\"display:none\">\n\t\t\t\t\t\t<\/a>\n\n\t\t\t\t\t\t<a href=\"http:\/\/maisb.fr\/bar\/?page_id=1416\">\n\t\t\t\t\t\t<img decoding=\"async\" alt=\"DJ FX\"\n\t\t\t\t\t\t     src=\"\" data-image=\"http:\/\/maisb.fr\/bar\/wp-content\/uploads\/sites\/2\/2016\/02\/fx.jpg\"\n\t\t\t\t\t\t     data-thumb=\"http:\/\/maisb.fr\/bar\/wp-content\/uploads\/sites\/2\/2016\/02\/fx-300x134.jpg\"\n\t\t\t\t\t\t     title=\"&quot;LE BOBO RASTA&quot;\"\n\t\t\t\t\t\t     style=\"display:none\">\n\t\t\t\t\t\t<\/a>\n\n\t\t\t\t\t\t<a href=\"http:\/\/maisb.fr\/bar\/?page_id=1861\">\n\t\t\t\t\t\t<img decoding=\"async\" alt=\"SPECTACLE\"\n\t\t\t\t\t\t     src=\"\" data-image=\"http:\/\/maisb.fr\/bar\/wp-content\/uploads\/sites\/2\/2016\/02\/spectacle.jpg\"\n\t\t\t\t\t\t     data-thumb=\"http:\/\/maisb.fr\/bar\/wp-content\/uploads\/sites\/2\/2016\/02\/spectacle-300x134.jpg\"\n\t\t\t\t\t\t     title=\"\"\n\t\t\t\t\t\t     style=\"display:none\">\n\t\t\t\t\t\t<\/a>\n\t\t\t<\/div>\n\n\n\t\t\t<!-- END UNITEGALLERY --> MINOU \u00ab\u00a0DJ Noumix\u00a0\u00bb Minou\u00a0\/ Platines 2012 Dix ans aux platines de la Mais&rsquo;B, il est en place le gars\u00a0!\u00a0Le surfeur beau gosse de l&rsquo;Ile d&rsquo;Ol\u00e9ron est arriv\u00e9 pile-poil &#8230; <a href='\/bar\/?page_id=1065' class='small-button smallred'>VOIR LA SUITE<\/a> 4\u00a0798 VuesPAPATE\u00a0\u00ab\u00a0Le pirate\u00a0\u00bb Papate\u00a0\/ Platines 2000 \u00ab\u00a0Je vais, d\u00e8s cette premi\u00e8re ann\u00e9e, commencer \u00ab la Play-list\u00a0\u00bb de la [&hellip;]<\/p>\n","protected":false},"author":1,"featured_media":0,"parent":0,"menu_order":0,"comment_status":"closed","ping_status":"closed","template":"","meta":{"_et_pb_use_builder":"on","_et_pb_old_content":"","_et_gb_content_width":"","footnotes":""},"class_list":["post-229","page","type-page","status-publish","hentry"],"aioseo_notices":[],"_links":{"self":[{"href":"http:\/\/maisb.fr\/bar\/wp-json\/wp\/v2\/pages\/229","targetHints":{"allow":["GET"]}}],"collection":[{"href":"http:\/\/maisb.fr\/bar\/wp-json\/wp\/v2\/pages"}],"about":[{"href":"http:\/\/maisb.fr\/bar\/wp-json\/wp\/v2\/types\/page"}],"author":[{"embeddable":true,"href":"http:\/\/maisb.fr\/bar\/wp-json\/wp\/v2\/users\/1"}],"replies":[{"embeddable":true,"href":"http:\/\/maisb.fr\/bar\/wp-json\/wp\/v2\/comments?post=229"}],"version-history":[{"count":4,"href":"http:\/\/maisb.fr\/bar\/wp-json\/wp\/v2\/pages\/229\/revisions"}],"predecessor-version":[{"id":4135,"href":"http:\/\/maisb.fr\/bar\/wp-json\/wp\/v2\/pages\/229\/revisions\/4135"}],"wp:attachment":[{"href":"http:\/\/maisb.fr\/bar\/wp-json\/wp\/v2\/media?parent=229"}],"curies":[{"name":"wp","href":"https:\/\/api.w.org\/{rel}","templated":true}]}}