{"id":125,"date":"2015-10-16T08:00:15","date_gmt":"2015-10-16T07:00:15","guid":{"rendered":"http:\/\/bar.maisb.fr\/?page_id=125"},"modified":"2016-02-07T08:29:17","modified_gmt":"2016-02-07T07:29:17","slug":"historique","status":"publish","type":"page","link":"http:\/\/maisb.fr\/spot\/historique\/","title":{"rendered":"Historique"},"content":{"rendered":"<p>[et_pb_section admin_label=\u00a0\u00bbsection\u00a0\u00bb][et_pb_row admin_label=\u00a0\u00bbrow\u00a0\u00bb make_fullwidth=\u00a0\u00bboff\u00a0\u00bb use_custom_width=\u00a0\u00bboff\u00a0\u00bb width_unit=\u00a0\u00bbon\u00a0\u00bb use_custom_gutter=\u00a0\u00bboff\u00a0\u00bb padding_mobile=\u00a0\u00bboff\u00a0\u00bb allow_player_pause=\u00a0\u00bboff\u00a0\u00bb parallax=\u00a0\u00bboff\u00a0\u00bb parallax_method=\u00a0\u00bboff\u00a0\u00bb make_equal=\u00a0\u00bboff\u00a0\u00bb][et_pb_column type=\u00a0\u00bb1_2&Prime;][et_pb_text admin_label=\u00a0\u00bbTexte\u00a0\u00bb background_layout=\u00a0\u00bblight\u00a0\u00bb text_orientation=\u00a0\u00bbleft\u00a0\u00bb background_color=\u00a0\u00bb#cccccc\u00a0\u00bb use_border_color=\u00a0\u00bboff\u00a0\u00bb border_color=\u00a0\u00bb#ffffff\u00a0\u00bb border_style=\u00a0\u00bbsolid\u00a0\u00bb custom_css_main_element=\u00a0\u00bb -moz-box-shadow: 5px 5px 5px 0px #dad7d7;||-webkit-box-shadow: 5px 5px 5px 0px #dad7d7;|| -o-box-shadow: 5px 5px 5px 0px #dad7d7;||box-shadow: 5px 5px 5px 0px #dad7d7;|| \/* filter: progid:DXImageTransform.Microsoft.Shadow(color=#dad7d7,Direction=134,Strength=5); *\/|| -moz-border-radius: 7px;||-webkit-border-radius: 7px;||border-radius: 7px;\u00a0\u00bb custom_margin=\u00a0\u00bb50||10|\u00a0\u00bb custom_padding=\u00a0\u00bb10|10|10|10&Prime; text_font_size=\u00a0\u00bb14&Prime;]<\/p>\n<h2 style=\"text-align: left\"><a href=\"http:\/\/maisb.fr\/wp-content\/uploads\/sites\/4\/2015\/12\/chap10.pdf\" target=\"_blank\">Bienvenue Ailleurs<\/a><\/h2>\n<p><strong>Chapitre 10<\/strong><br \/>\n<a href=\"http:\/\/maisb.fr\/wp-content\/uploads\/sites\/4\/2015\/12\/chap10.pdf\" target=\"blank\"><img loading=\"lazy\" decoding=\"async\" class=\"alignnone size-full wp-image-1187\" src=\"http:\/\/maisb.fr\/wp-content\/uploads\/sites\/4\/2015\/10\/chap10.jpg\" alt=\"chap10\" width=\"1024\" height=\"668\"><\/a><\/p>\n<p style=\"text-align: left\"><span style=\"font-size: x-large\">C\u2019est pr\u00e9cis\u00e9ment \u00e0 cette \u00e9poque que je re\u00e7ois une proposition tr\u00e8s int\u00e9ressante. Un appel d\u2019offre est lanc\u00e9 par la mairie de Vaux-sur-Mer&#8230;<\/span><\/p>\n<p style=\"text-align: right\"><a href='http:\/\/maisb.fr\/wp-content\/uploads\/sites\/4\/2015\/12\/chap10.pdf' class='small-button smallblue' target=\"_blank\">VOIR LA SUITE<\/a>\n<\/p>\n<p>[\/et_pb_text][\/et_pb_column][et_pb_column type=\u00a0\u00bb1_2&Prime;][et_pb_text admin_label=\u00a0\u00bbTexte\u00a0\u00bb background_layout=\u00a0\u00bblight\u00a0\u00bb text_orientation=\u00a0\u00bbleft\u00a0\u00bb background_color=\u00a0\u00bb#cccccc\u00a0\u00bb use_border_color=\u00a0\u00bboff\u00a0\u00bb border_color=\u00a0\u00bb#ffffff\u00a0\u00bb border_style=\u00a0\u00bbsolid\u00a0\u00bb custom_css_main_element=\u00a0\u00bb -moz-box-shadow: 5px 5px 5px 0px #dad7d7;||-webkit-box-shadow: 5px 5px 5px 0px #dad7d7;|| -o-box-shadow: 5px 5px 5px 0px #dad7d7;||box-shadow: 5px 5px 5px 0px #dad7d7;|| \/* filter: progid:DXImageTransform.Microsoft.Shadow(color=#dad7d7,Direction=134,Strength=5); *\/|| -moz-border-radius: 7px;||-webkit-border-radius: 7px;||border-radius: 7px;\u00a0\u00bb custom_margin=\u00a0\u00bb50||10|\u00a0\u00bb custom_padding=\u00a0\u00bb10|10|10|10&Prime; text_font_size=\u00a0\u00bb14&Prime;]<\/p>\n<h2 style=\"text-align: left\"><a href=\"http:\/\/maisb.fr\/wp-content\/uploads\/sites\/4\/2015\/12\/chap11.pdf\" target=\"_blank\">En chantier de vous conna\u00eetre<\/a><\/h2>\n<p><strong>Chapitre 11<\/strong><br \/>\n<a href=\"http:\/\/maisb.fr\/wp-content\/uploads\/sites\/4\/2015\/12\/chap11.pdf\" target=\"blank\"><img loading=\"lazy\" decoding=\"async\" class=\"alignnone size-full wp-image-1190\" src=\"http:\/\/maisb.fr\/wp-content\/uploads\/sites\/4\/2015\/10\/chap11.jpg\" alt=\"chap11\" width=\"1024\" height=\"668\"><\/a><\/p>\n<p style=\"text-align: left\"><span style=\"font-size: x-large\">Nous f\u00eatons comme il se doit l\u2019obtention miraculeuse de la concession. Pendant les quelques jours qui suivent&#8230;<\/span><\/p>\n<p style=\"text-align: right\"><a href='http:\/\/maisb.fr\/wp-content\/uploads\/sites\/4\/2015\/12\/chap11.pdf' class='small-button smallblue' target=\"_blank\">VOIR LA SUITE<\/a>\n<\/p>\n<p>[\/et_pb_text][\/et_pb_column][\/et_pb_row][et_pb_row admin_label=\u00a0\u00bbrow\u00a0\u00bb make_fullwidth=\u00a0\u00bboff\u00a0\u00bb use_custom_width=\u00a0\u00bboff\u00a0\u00bb width_unit=\u00a0\u00bbon\u00a0\u00bb use_custom_gutter=\u00a0\u00bboff\u00a0\u00bb padding_mobile=\u00a0\u00bboff\u00a0\u00bb allow_player_pause=\u00a0\u00bboff\u00a0\u00bb parallax=\u00a0\u00bboff\u00a0\u00bb parallax_method=\u00a0\u00bboff\u00a0\u00bb make_equal=\u00a0\u00bboff\u00a0\u00bb][et_pb_column type=\u00a0\u00bb1_2&Prime;][et_pb_text admin_label=\u00a0\u00bbTexte\u00a0\u00bb background_layout=\u00a0\u00bblight\u00a0\u00bb text_orientation=\u00a0\u00bbleft\u00a0\u00bb background_color=\u00a0\u00bb#cccccc\u00a0\u00bb use_border_color=\u00a0\u00bboff\u00a0\u00bb border_color=\u00a0\u00bb#ffffff\u00a0\u00bb border_style=\u00a0\u00bbsolid\u00a0\u00bb custom_css_main_element=\u00a0\u00bb -moz-box-shadow: 5px 5px 5px 0px #dad7d7;||-webkit-box-shadow: 5px 5px 5px 0px #dad7d7;|| -o-box-shadow: 5px 5px 5px 0px #dad7d7;||box-shadow: 5px 5px 5px 0px #dad7d7;|| \/* filter: progid:DXImageTransform.Microsoft.Shadow(color=#dad7d7,Direction=134,Strength=5); *\/|| -moz-border-radius: 7px;||-webkit-border-radius: 7px;||border-radius: 7px;\u00a0\u00bb custom_margin=\u00a0\u00bb50||10|\u00a0\u00bb custom_padding=\u00a0\u00bb10|10|10|10&Prime; text_font_size=\u00a0\u00bb14&Prime;]<\/p>\n<h2 style=\"text-align: left\"><a href=\"http:\/\/maisb.fr\/wp-content\/uploads\/sites\/4\/2015\/12\/chap12.pdf\" target=\"_blank\">RAMI \u00ab braise \u00bb<\/a><\/h2>\n<p><strong>Chapitre 12<\/strong><br \/>\n<a href=\"http:\/\/maisb.fr\/wp-content\/uploads\/sites\/4\/2015\/12\/chap12.pdf\" target=\"blank\" rel=\"attachment wp-att-1196\"><img loading=\"lazy\" decoding=\"async\" class=\"alignnone size-full wp-image-1196\" src=\"http:\/\/maisb.fr\/wp-content\/uploads\/sites\/4\/2015\/10\/chap12.jpg\" alt=\"chap12\" width=\"1024\" height=\"668\"><\/a><\/p>\n<p style=\"text-align: left\"><span style=\"font-size: x-large\">Le concept du bar commence \u00e0 prendre forme. L\u2019imaginaire color\u00e9 et po\u00e9tique de Val\u00e9rie se marie parfaitement \u00e0 la beaut\u00e9 naturelle du site&#8230;<\/span><\/p>\n<p style=\"text-align: right\"><a href='http:\/\/maisb.fr\/wp-content\/uploads\/sites\/4\/2015\/12\/chap12.pdf' class='small-button smallblue' target=\"_blank\">VOIR LA SUITE<\/a>\n<\/p>\n<p>[\/et_pb_text][\/et_pb_column][et_pb_column type=\u00a0\u00bb1_2&Prime;][et_pb_text admin_label=\u00a0\u00bbTexte\u00a0\u00bb background_layout=\u00a0\u00bblight\u00a0\u00bb text_orientation=\u00a0\u00bbleft\u00a0\u00bb background_color=\u00a0\u00bb#cccccc\u00a0\u00bb use_border_color=\u00a0\u00bboff\u00a0\u00bb border_color=\u00a0\u00bb#ffffff\u00a0\u00bb border_style=\u00a0\u00bbsolid\u00a0\u00bb custom_css_main_element=\u00a0\u00bb -moz-box-shadow: 5px 5px 5px 0px #dad7d7;||-webkit-box-shadow: 5px 5px 5px 0px #dad7d7;|| -o-box-shadow: 5px 5px 5px 0px #dad7d7;||box-shadow: 5px 5px 5px 0px #dad7d7;|| \/* filter: progid:DXImageTransform.Microsoft.Shadow(color=#dad7d7,Direction=134,Strength=5); *\/|| -moz-border-radius: 7px;||-webkit-border-radius: 7px;||border-radius: 7px;\u00a0\u00bb custom_margin=\u00a0\u00bb50||10|\u00a0\u00bb custom_padding=\u00a0\u00bb10|10|10|10&Prime; text_font_size=\u00a0\u00bb14&Prime;]<\/p>\n<h2 style=\"text-align: left\"><a href=\"http:\/\/maisb.fr\/wp-content\/uploads\/sites\/4\/2015\/12\/chap13.pdf\" target=\"_blank\">C\u2019est quand qu\u2019on va o\u00f9<\/a><\/h2>\n<p style=\"text-align: left\"><strong>Chapitre 13<\/strong> <a href=\"http:\/\/maisb.fr\/wp-content\/uploads\/sites\/4\/2015\/12\/chap13.pdf\" target=\"blank\" rel=\"attachment wp-att-1197\"><img loading=\"lazy\" decoding=\"async\" class=\"alignnone size-full wp-image-1197\" src=\"http:\/\/maisb.fr\/wp-content\/uploads\/sites\/4\/2015\/10\/chap13.jpg\" alt=\"chap13\" width=\"1024\" height=\"668\"><\/a><\/p>\n<p style=\"text-align: left\"><span style=\"font-size: x-large\">Inutile de vous dire que la tension est \u00e0 son comble sur la plage de Nauzan ce 5 avril 1996. Apr\u00e8s tous ces mois de lutte acharn\u00e9e&#8230;<\/span><\/p>\n<p style=\"text-align: right\"><a href='http:\/\/maisb.fr\/wp-content\/uploads\/sites\/4\/2015\/12\/chap13.pdf' class='small-button smallblue' target=\"_blank\">VOIR LA SUITE<\/a>\n<\/p>\n<p>[\/et_pb_text][\/et_pb_column][\/et_pb_row][et_pb_row admin_label=\u00a0\u00bbrow\u00a0\u00bb make_fullwidth=\u00a0\u00bboff\u00a0\u00bb use_custom_width=\u00a0\u00bboff\u00a0\u00bb width_unit=\u00a0\u00bbon\u00a0\u00bb use_custom_gutter=\u00a0\u00bboff\u00a0\u00bb padding_mobile=\u00a0\u00bboff\u00a0\u00bb allow_player_pause=\u00a0\u00bboff\u00a0\u00bb parallax=\u00a0\u00bboff\u00a0\u00bb parallax_method=\u00a0\u00bboff\u00a0\u00bb make_equal=\u00a0\u00bboff\u00a0\u00bb][et_pb_column type=\u00a0\u00bb1_2&Prime;][et_pb_text admin_label=\u00a0\u00bbTexte\u00a0\u00bb background_layout=\u00a0\u00bblight\u00a0\u00bb text_orientation=\u00a0\u00bbleft\u00a0\u00bb background_color=\u00a0\u00bb#cccccc\u00a0\u00bb use_border_color=\u00a0\u00bboff\u00a0\u00bb border_color=\u00a0\u00bb#ffffff\u00a0\u00bb border_style=\u00a0\u00bbsolid\u00a0\u00bb custom_css_main_element=\u00a0\u00bb -moz-box-shadow: 5px 5px 5px 0px #dad7d7;||-webkit-box-shadow: 5px 5px 5px 0px #dad7d7;|| -o-box-shadow: 5px 5px 5px 0px #dad7d7;||box-shadow: 5px 5px 5px 0px #dad7d7;|| \/* filter: progid:DXImageTransform.Microsoft.Shadow(color=#dad7d7,Direction=134,Strength=5); *\/|| -moz-border-radius: 7px;||-webkit-border-radius: 7px;||border-radius: 7px;\u00a0\u00bb custom_margin=\u00a0\u00bb50||10|\u00a0\u00bb custom_padding=\u00a0\u00bb10|10|10|10&Prime; text_font_size=\u00a0\u00bb14&Prime;]<\/p>\n<h2 style=\"text-align: left\"><a href=\"http:\/\/maisb.fr\/wp-content\/uploads\/sites\/4\/2015\/12\/chap14.pdf\" target=\"_blank\">Les enfants du paradis<\/a><\/h2>\n<p><strong>Chapitre 14<\/strong><br \/>\n<a href=\"http:\/\/maisb.fr\/wp-content\/uploads\/sites\/4\/2015\/12\/chap14.pdf\" target=\"blank\" rel=\"attachment wp-att-1198\"><img loading=\"lazy\" decoding=\"async\" class=\"alignnone size-full wp-image-1198\" src=\"http:\/\/maisb.fr\/wp-content\/uploads\/sites\/4\/2015\/10\/chap14.jpg\" alt=\"chap14\" width=\"1024\" height=\"668\"><\/a><\/p>\n<p style=\"text-align: left\"><span style=\"font-size: x-large\">Pendant l\u2019hiver 1997, je vais effectuer un dernier tour de piste avec Djama. Le grand Riva m\u2019a demand\u00e9 en guise de cadeau d\u2019adieu&#8230;<\/span><\/p>\n<p style=\"text-align: right\"><a href='http:\/\/maisb.fr\/wp-content\/uploads\/sites\/4\/2015\/12\/chap14.pdf' class='small-button smallblue' target=\"_blank\">VOIR LA SUITE<\/a>\n<\/p>\n<p>[\/et_pb_text][\/et_pb_column][et_pb_column type=\u00a0\u00bb1_2&Prime;][et_pb_text admin_label=\u00a0\u00bbTexte\u00a0\u00bb background_layout=\u00a0\u00bblight\u00a0\u00bb text_orientation=\u00a0\u00bbleft\u00a0\u00bb background_color=\u00a0\u00bb#cccccc\u00a0\u00bb use_border_color=\u00a0\u00bboff\u00a0\u00bb border_color=\u00a0\u00bb#ffffff\u00a0\u00bb border_style=\u00a0\u00bbsolid\u00a0\u00bb custom_css_main_element=\u00a0\u00bb -moz-box-shadow: 5px 5px 5px 0px #dad7d7;||-webkit-box-shadow: 5px 5px 5px 0px #dad7d7;|| -o-box-shadow: 5px 5px 5px 0px #dad7d7;||box-shadow: 5px 5px 5px 0px #dad7d7;|| \/* filter: progid:DXImageTransform.Microsoft.Shadow(color=#dad7d7,Direction=134,Strength=5); *\/|| -moz-border-radius: 7px;||-webkit-border-radius: 7px;||border-radius: 7px;\u00a0\u00bb custom_margin=\u00a0\u00bb50||10|\u00a0\u00bb custom_padding=\u00a0\u00bb10|10|10|10&Prime; text_font_size=\u00a0\u00bb14&Prime;]<\/p>\n<h2 style=\"text-align: left\"><a href=\"http:\/\/maisb.fr\/wp-content\/uploads\/sites\/4\/2015\/12\/chap15.pdf\" target=\"_blank\">Ni Dieu, Ni Ma\u00eetre (m\u00eame nageur)<\/a><\/h2>\n<p><strong>Chapitre 15<\/strong> <a href=\"http:\/\/maisb.fr\/wp-content\/uploads\/sites\/4\/2015\/12\/chap15.pdf\" target=\"blank\" rel=\"attachment wp-att-1199\"><img loading=\"lazy\" decoding=\"async\" class=\"alignnone size-full wp-image-1199\" src=\"http:\/\/maisb.fr\/wp-content\/uploads\/sites\/4\/2015\/10\/chap15.jpg\" alt=\"chap15\" width=\"1024\" height=\"668\"><\/a><\/p>\n<p style=\"text-align: left\"><span style=\"font-size: x-large\">L\u2019adolescence de la Maison Blanche va se terminer au tout d\u00e9but des ann\u00e9es 2000 avec le d\u00e9part d\u2019une partie de ses membres fondateurs&#8230;<\/span><\/p>\n<p style=\"text-align: right\"><a href='http:\/\/maisb.fr\/wp-content\/uploads\/sites\/4\/2015\/12\/chap15.pdf' class='small-button smallblue' target=\"_blank\">VOIR LA SUITE<\/a>\n<\/p>\n<p>[\/et_pb_text][\/et_pb_column][\/et_pb_row][et_pb_row admin_label=\u00a0\u00bbrow\u00a0\u00bb make_fullwidth=\u00a0\u00bboff\u00a0\u00bb use_custom_width=\u00a0\u00bboff\u00a0\u00bb width_unit=\u00a0\u00bbon\u00a0\u00bb use_custom_gutter=\u00a0\u00bboff\u00a0\u00bb padding_mobile=\u00a0\u00bboff\u00a0\u00bb allow_player_pause=\u00a0\u00bboff\u00a0\u00bb parallax=\u00a0\u00bboff\u00a0\u00bb parallax_method=\u00a0\u00bboff\u00a0\u00bb make_equal=\u00a0\u00bboff\u00a0\u00bb][et_pb_column type=\u00a0\u00bb1_2&Prime;][et_pb_text admin_label=\u00a0\u00bbTexte\u00a0\u00bb background_layout=\u00a0\u00bblight\u00a0\u00bb text_orientation=\u00a0\u00bbleft\u00a0\u00bb background_color=\u00a0\u00bb#cccccc\u00a0\u00bb use_border_color=\u00a0\u00bboff\u00a0\u00bb border_color=\u00a0\u00bb#ffffff\u00a0\u00bb border_style=\u00a0\u00bbsolid\u00a0\u00bb custom_css_main_element=\u00a0\u00bb -moz-box-shadow: 5px 5px 5px 0px #dad7d7;||-webkit-box-shadow: 5px 5px 5px 0px #dad7d7;|| -o-box-shadow: 5px 5px 5px 0px #dad7d7;||box-shadow: 5px 5px 5px 0px #dad7d7;|| \/* filter: progid:DXImageTransform.Microsoft.Shadow(color=#dad7d7,Direction=134,Strength=5); *\/|| -moz-border-radius: 7px;||-webkit-border-radius: 7px;||border-radius: 7px;\u00a0\u00bb custom_margin=\u00a0\u00bb50||10|\u00a0\u00bb custom_padding=\u00a0\u00bb10|10|10|10&Prime; text_font_size=\u00a0\u00bb14&Prime;]<\/p>\n<h2 style=\"text-align: left\"><a href=\"http:\/\/maisb.fr\/wp-content\/uploads\/sites\/4\/2015\/12\/chap16.pdf\" target=\"_blank\">Natural Mystic<\/a><\/h2>\n<p><strong>Chapitre 16<\/strong><br \/>\n<a href=\"http:\/\/maisb.fr\/wp-content\/uploads\/sites\/4\/2015\/12\/chap16.pdf\" target=\"blank\" rel=\"attachment wp-att-1200\"><img loading=\"lazy\" decoding=\"async\" class=\"alignnone size-full wp-image-1200\" src=\"http:\/\/maisb.fr\/wp-content\/uploads\/sites\/4\/2015\/10\/chap16.jpg\" alt=\"chap16\" width=\"1024\" height=\"668\"><\/a><\/p>\n<p style=\"text-align: left\"><span style=\"font-size: x-large\">Voil\u00e0 maintenant six saisons que nous avons d\u00e9marr\u00e9 cette aventure. Chaque ouverture de la Maison Blanche est devenue un \u00e9v\u00e9nement&#8230;<\/span><\/p>\n<p style=\"text-align: right\"><a href='http:\/\/maisb.fr\/wp-content\/uploads\/sites\/4\/2015\/12\/chap16.pdf' class='small-button smallblue' target=\"_blank\">VOIR LA SUITE<\/a>\n<\/p>\n<p>[\/et_pb_text][\/et_pb_column][et_pb_column type=\u00a0\u00bb1_2&Prime;][et_pb_text admin_label=\u00a0\u00bbTexte\u00a0\u00bb background_layout=\u00a0\u00bblight\u00a0\u00bb text_orientation=\u00a0\u00bbleft\u00a0\u00bb background_color=\u00a0\u00bb#cccccc\u00a0\u00bb use_border_color=\u00a0\u00bboff\u00a0\u00bb border_color=\u00a0\u00bb#ffffff\u00a0\u00bb border_style=\u00a0\u00bbsolid\u00a0\u00bb custom_css_main_element=\u00a0\u00bb -moz-box-shadow: 5px 5px 5px 0px #dad7d7;||-webkit-box-shadow: 5px 5px 5px 0px #dad7d7;|| -o-box-shadow: 5px 5px 5px 0px #dad7d7;||box-shadow: 5px 5px 5px 0px #dad7d7;|| \/* filter: progid:DXImageTransform.Microsoft.Shadow(color=#dad7d7,Direction=134,Strength=5); *\/|| -moz-border-radius: 7px;||-webkit-border-radius: 7px;||border-radius: 7px;\u00a0\u00bb custom_margin=\u00a0\u00bb50||10|\u00a0\u00bb custom_padding=\u00a0\u00bb10|10|10|10&Prime; text_font_size=\u00a0\u00bb14&Prime;]<\/p>\n<h2 style=\"text-align: left\"><a href=\"http:\/\/maisb.fr\/wp-content\/uploads\/sites\/4\/2015\/12\/chap17.pdf\" target=\"_blank\">Pour tout bagage, on a vingt ans !<\/a><\/h2>\n<p><strong>Chapitre 17<\/strong> <a href=\"http:\/\/maisb.fr\/wp-content\/uploads\/sites\/4\/2015\/12\/chap17.pdf\" target=\"blank\" rel=\"attachment wp-att-1201\"><img loading=\"lazy\" decoding=\"async\" class=\"alignnone size-full wp-image-1201\" src=\"http:\/\/maisb.fr\/wp-content\/uploads\/sites\/4\/2015\/10\/chap17.jpg\" alt=\"chap17\" width=\"1024\" height=\"668\"><\/a><\/p>\n<p style=\"text-align: left\"><span style=\"font-size: x-large\">Cette deuxi\u00e8me d\u00e9cennie \u00e0 la Maison Blanche s\u2019annonce d\u00e9sormais sous les meilleurs auspices. Sans une thune en poche&#8230;<\/span><\/p>\n<p style=\"text-align: right\"><a href='http:\/\/maisb.fr\/wp-content\/uploads\/sites\/4\/2015\/12\/chap17.pdf' class='small-button smallblue' target=\"_blank\">VOIR LA SUITE<\/a>\n<\/p>\n<p>[\/et_pb_text][\/et_pb_column][\/et_pb_row][\/et_pb_section]<\/p>\n","protected":false},"excerpt":{"rendered":"<p>Bienvenue Ailleurs Chapitre 10 C\u2019est pr\u00e9cis\u00e9ment \u00e0 cette \u00e9poque que je re\u00e7ois une proposition tr\u00e8s int\u00e9ressante. Un appel d\u2019offre est lanc\u00e9 par la mairie de Vaux-sur-Mer&#8230; <a href='http:\/\/maisb.fr\/wp-content\/uploads\/sites\/4\/2015\/12\/chap10.pdf' class='small-button smallblue' target=\"_blank\">VOIR LA SUITE<\/a> En chantier de vous conna\u00eetre Chapitre 11 Nous f\u00eatons comme il se doit l\u2019obtention miraculeuse de la concession. Pendant les quelques jours [&hellip;]<\/p>\n","protected":false},"author":1,"featured_media":0,"parent":0,"menu_order":0,"comment_status":"open","ping_status":"closed","template":"","meta":{"_et_pb_use_builder":"on","_et_pb_old_content":"<p>L'\u00e9quipe 2015<\/p>","_et_gb_content_width":"","footnotes":""},"class_list":["post-125","page","type-page","status-publish","hentry"],"aioseo_notices":[],"_links":{"self":[{"href":"http:\/\/maisb.fr\/spot\/wp-json\/wp\/v2\/pages\/125","targetHints":{"allow":["GET"]}}],"collection":[{"href":"http:\/\/maisb.fr\/spot\/wp-json\/wp\/v2\/pages"}],"about":[{"href":"http:\/\/maisb.fr\/spot\/wp-json\/wp\/v2\/types\/page"}],"author":[{"embeddable":true,"href":"http:\/\/maisb.fr\/spot\/wp-json\/wp\/v2\/users\/1"}],"replies":[{"embeddable":true,"href":"http:\/\/maisb.fr\/spot\/wp-json\/wp\/v2\/comments?post=125"}],"version-history":[{"count":4,"href":"http:\/\/maisb.fr\/spot\/wp-json\/wp\/v2\/pages\/125\/revisions"}],"predecessor-version":[{"id":1113,"href":"http:\/\/maisb.fr\/spot\/wp-json\/wp\/v2\/pages\/125\/revisions\/1113"}],"wp:attachment":[{"href":"http:\/\/maisb.fr\/spot\/wp-json\/wp\/v2\/media?parent=125"}],"curies":[{"name":"wp","href":"https:\/\/api.w.org\/{rel}","templated":true}]}}